205.210.31.162 - - [16/Jun/2026:14:08:45 +0200] "GET / HTTP/1.1" 200 139499 "-" "Hello from Palo Alto Networks, find out more about our scans in https://docs-cortex.paloaltonetworks.com/r/1/Cortex-Xpanse/Scanning-activity"
91.81.57.154 - - [16/Jun/2026:14:18:10 +0200] "GET /chi-siamo/ HTTP/2.0" 200 21673 "https://reggio-emilia.elettroservicegroup.it/" "Mozilla/5.0 (Windows NT 10.0; Win64; x64) AppleWebKit/537.36 (KHTML, like Gecko) Chrome/149.0.0.0 Safari/537.36"
91.81.57.154 - - [16/Jun/2026:14:18:10 +0200] "GET /wp-content/cache/wpfc-minified/10hpkmg7/43vgn.css HTTP/2.0" 200 418 "https://elettroservicegroup.it/chi-siamo/" "Mozilla/5.0 (Windows NT 10.0; Win64; x64) AppleWebKit/537.36 (KHTML, like Gecko) Chrome/149.0.0.0 Safari/537.36"
91.81.57.154 - - [16/Jun/2026:14:18:10 +0200] "GET /wp-content/uploads/elementor/css/post-14146.css?ver=1781232806 HTTP/2.0" 200 428 "https://elettroservicegroup.it/chi-siamo/" "Mozilla/5.0 (Windows NT 10.0; Win64; x64) AppleWebKit/537.36 (KHTML, like Gecko) Chrome/149.0.0.0 Safari/537.36"
91.81.57.154 - - [16/Jun/2026:14:18:10 +0200] "GET /wp-content/uploads/elementor/css/post-14366.css?ver=1781232806 HTTP/2.0" 200 310 "https://elettroservicegroup.it/chi-siamo/" "Mozilla/5.0 (Windows NT 10.0; Win64; x64) AppleWebKit/537.36 (KHTML, like Gecko) Chrome/149.0.0.0 Safari/537.36"
91.81.57.154 - - [16/Jun/2026:14:18:10 +0200] "GET /wp-content/uploads/2021/10/cropped-cropped-cropped-logo_white_background.png HTTP/2.0" 200 38971 "https://elettroservicegroup.it/chi-siamo/" "Mozilla/5.0 (Windows NT 10.0; Win64; x64) AppleWebKit/537.36 (KHTML, like Gecko) Chrome/149.0.0.0 Safari/537.36"
91.81.57.154 - - [16/Jun/2026:14:18:10 +0200] "GET /wp-content/cache/wpfc-minified/eh40z7s2/43vgn.css HTTP/2.0" 200 11323 "https://elettroservicegroup.it/chi-siamo/" "Mozilla/5.0 (Windows NT 10.0; Win64; x64) AppleWebKit/537.36 (KHTML, like Gecko) Chrome/149.0.0.0 Safari/537.36"
91.81.57.154 - - [16/Jun/2026:14:18:10 +0200] "GET /wp-content/uploads/elementor/css/post-15145.css?ver=1781232806 HTTP/2.0" 200 704 "https://elettroservicegroup.it/chi-siamo/" "Mozilla/5.0 (Windows NT 10.0; Win64; x64) AppleWebKit/537.36 (KHTML, like Gecko) Chrome/149.0.0.0 Safari/537.36"
91.81.57.154 - - [16/Jun/2026:14:18:10 +0200] "GET /wp-content/uploads/2026/05/COPERTINA-11-300x150-1.png HTTP/2.0" 200 30285 "https://elettroservicegroup.it/chi-siamo/" "Mozilla/5.0 (Windows NT 10.0; Win64; x64) AppleWebKit/537.36 (KHTML, like Gecko) Chrome/149.0.0.0 Safari/537.36"
91.81.57.154 - - [16/Jun/2026:14:18:10 +0200] "GET /wp-content/cache/wpfc-minified/fspqf2ba/43vgn.css HTTP/2.0" 200 16112 "https://elettroservicegroup.it/chi-siamo/" "Mozilla/5.0 (Windows NT 10.0; Win64; x64) AppleWebKit/537.36 (KHTML, like Gecko) Chrome/149.0.0.0 Safari/537.36"
91.81.57.154 - - [16/Jun/2026:14:18:10 +0200] "GET /wp-content/cache/wpfc-minified/7ahyfouu/43vgn.css HTTP/2.0" 200 4410 "https://elettroservicegroup.it/chi-siamo/" "Mozilla/5.0 (Windows NT 10.0; Win64; x64) AppleWebKit/537.36 (KHTML, like Gecko) Chrome/149.0.0.0 Safari/537.36"
91.81.57.154 - - [16/Jun/2026:14:18:10 +0200] "GET /wp-content/cache/wpfc-minified/m8vzkiox/43vgn.css HTTP/2.0" 200 23329 "https://elettroservicegroup.it/chi-siamo/" "Mozilla/5.0 (Windows NT 10.0; Win64; x64) AppleWebKit/537.36 (KHTML, like Gecko) Chrome/149.0.0.0 Safari/537.36"
91.81.57.154 - - [16/Jun/2026:14:18:10 +0200] "GET /wp-content/cache/wpfc-minified/dih7xtos/43vgn.css HTTP/2.0" 200 19016 "https://elettroservicegroup.it/chi-siamo/" "Mozilla/5.0 (Windows NT 10.0; Win64; x64) AppleWebKit/537.36 (KHTML, like Gecko) Chrome/149.0.0.0 Safari/537.36"
91.81.57.154 - - [16/Jun/2026:14:18:10 +0200] "GET /wp-content/cache/wpfc-minified/6yk1ya41/43vgn.css HTTP/2.0" 200 14481 "https://elettroservicegroup.it/chi-siamo/" "Mozilla/5.0 (Windows NT 10.0; Win64; x64) AppleWebKit/537.36 (KHTML, like Gecko) Chrome/149.0.0.0 Safari/537.36"
91.81.57.154 - - [16/Jun/2026:14:18:10 +0200] "GET /wp-content/cache/wpfc-minified/kdwvm73z/43vgn.js HTTP/2.0" 200 32843 "https://elettroservicegroup.it/chi-siamo/" "Mozilla/5.0 (Windows NT 10.0; Win64; x64) AppleWebKit/537.36 (KHTML, like Gecko) Chrome/149.0.0.0 Safari/537.36"
91.81.57.154 - - [16/Jun/2026:14:18:10 +0200] "GET /wp-content/cache/wpfc-minified/kbnudfut/43vgn.js HTTP/2.0" 200 8744 "https://elettroservicegroup.it/chi-siamo/" "Mozilla/5.0 (Windows NT 10.0; Win64; x64) AppleWebKit/537.36 (KHTML, like Gecko) Chrome/149.0.0.0 Safari/537.36"
91.81.57.154 - - [16/Jun/2026:14:18:10 +0200] "GET /wp-content/plugins/gp-premium/menu-plus/functions/js/sticky.min.js?ver=2.5.5 HTTP/2.0" 200 2670 "https://elettroservicegroup.it/chi-siamo/" "Mozilla/5.0 (Windows NT 10.0; Win64; x64) AppleWebKit/537.36 (KHTML, like Gecko) Chrome/149.0.0.0 Safari/537.36"
91.81.57.154 - - [16/Jun/2026:14:18:10 +0200] "GET /wp-content/plugins/elementor/assets/js/webpack.runtime.min.js?ver=4.1.3 HTTP/2.0" 200 2340 "https://elettroservicegroup.it/chi-siamo/" "Mozilla/5.0 (Windows NT 10.0; Win64; x64) AppleWebKit/537.36 (KHTML, like Gecko) Chrome/149.0.0.0 Safari/537.36"
91.81.57.154 - - [16/Jun/2026:14:18:10 +0200] "GET /wp-content/plugins/elementor/assets/js/frontend-modules.min.js?ver=4.1.3 HTTP/2.0" 200 15454 "https://elettroservicegroup.it/chi-siamo/" "Mozilla/5.0 (Windows NT 10.0; Win64; x64) AppleWebKit/537.36 (KHTML, like Gecko) Chrome/149.0.0.0 Safari/537.36"
91.81.57.154 - - [16/Jun/2026:14:18:10 +0200] "GET /wp-includes/js/jquery/ui/core.min.js?ver=1.13.3 HTTP/2.0" 200 6820 "https://elettroservicegroup.it/chi-siamo/" "Mozilla/5.0 (Windows NT 10.0; Win64; x64) AppleWebKit/537.36 (KHTML, like Gecko) Chrome/149.0.0.0 Safari/537.36"
91.81.57.154 - - [16/Jun/2026:14:18:10 +0200] "GET /wp-content/themes/generatepress/assets/js/back-to-top.min.js?ver=3.6.1 HTTP/2.0" 200 336 "https://elettroservicegroup.it/chi-siamo/" "Mozilla/5.0 (Windows NT 10.0; Win64; x64) AppleWebKit/537.36 (KHTML, like Gecko) Chrome/149.0.0.0 Safari/537.36"
91.81.57.154 - - [16/Jun/2026:14:18:10 +0200] "GET /wp-content/themes/generatepress/assets/js/menu.min.js?ver=3.6.1 HTTP/2.0" 200 1688 "https://elettroservicegroup.it/chi-siamo/" "Mozilla/5.0 (Windows NT 10.0; Win64; x64) AppleWebKit/537.36 (KHTML, like Gecko) Chrome/149.0.0.0 Safari/537.36"
91.81.57.154 - - [16/Jun/2026:14:18:10 +0200] "GET /wp-content/plugins/elementor/assets/js/frontend.min.js?ver=4.1.3 HTTP/2.0" 200 10140 "https://elettroservicegroup.it/chi-siamo/" "Mozilla/5.0 (Windows NT 10.0; Win64; x64) AppleWebKit/537.36 (KHTML, like Gecko) Chrome/149.0.0.0 Safari/537.36"
91.81.57.154 - - [16/Jun/2026:14:18:10 +0200] "GET /wp-content/plugins/complianz-gdpr-premium/cookiebanner/js/complianz.min.js?ver=1780325960 HTTP/2.0" 200 10762 "https://elettroservicegroup.it/chi-siamo/" "Mozilla/5.0 (Windows NT 10.0; Win64; x64) AppleWebKit/537.36 (KHTML, like Gecko) Chrome/149.0.0.0 Safari/537.36"
91.81.57.154 - - [16/Jun/2026:14:18:10 +0200] "GET /wp-content/uploads/2021/10/COPERTINA.png HTTP/2.0" 200 238875 "https://elettroservicegroup.it/chi-siamo/" "Mozilla/5.0 (Windows NT 10.0; Win64; x64) AppleWebKit/537.36 (KHTML, like Gecko) Chrome/149.0.0.0 Safari/537.36"
91.81.57.154 - - [16/Jun/2026:14:18:10 +0200] "GET /wp-content/uploads/2026/05/RECENSIONI-gOOGLE.png HTTP/2.0" 200 5052 "https://elettroservicegroup.it/chi-siamo/" "Mozilla/5.0 (Windows NT 10.0; Win64; x64) AppleWebKit/537.36 (KHTML, like Gecko) Chrome/149.0.0.0 Safari/537.36"
91.81.57.154 - - [16/Jun/2026:14:18:10 +0200] "GET /wp-content/plugins/elementor/assets/lib/font-awesome/webfonts/fa-regular-400.woff2 HTTP/2.0" 200 13277 "https://elettroservicegroup.it/wp-content/cache/wpfc-minified/fspqf2ba/43vgn.css" "Mozilla/5.0 (Windows NT 10.0; Win64; x64) AppleWebKit/537.36 (KHTML, like Gecko) Chrome/149.0.0.0 Safari/537.36"
91.81.57.154 - - [16/Jun/2026:14:18:10 +0200] "GET /wp-content/plugins/elementor/assets/lib/font-awesome/webfonts/fa-solid-900.woff2 HTTP/2.0" 200 78201 "https://elettroservicegroup.it/wp-content/cache/wpfc-minified/fspqf2ba/43vgn.css" "Mozilla/5.0 (Windows NT 10.0; Win64; x64) AppleWebKit/537.36 (KHTML, like Gecko) Chrome/149.0.0.0 Safari/537.36"
91.81.57.154 - - [16/Jun/2026:14:18:10 +0200] "GET /wp-content/uploads/elementor/google-fonts/fonts/robotoslab-bngmuxzytxpivibgjjsb6ufn5qu.woff2 HTTP/2.0" 200 34328 "https://elettroservicegroup.it/wp-content/cache/wpfc-minified/6yk1ya41/43vgn.css" "Mozilla/5.0 (Windows NT 10.0; Win64; x64) AppleWebKit/537.36 (KHTML, like Gecko) Chrome/149.0.0.0 Safari/537.36"
91.81.57.154 - - [16/Jun/2026:14:18:11 +0200] "GET /wp-content/plugins/elementor/assets/js/section-frontend-handlers.d85ab872da118940910d.bundle.min.js HTTP/2.0" 200 230 "https://elettroservicegroup.it/chi-siamo/" "Mozilla/5.0 (Windows NT 10.0; Win64; x64) AppleWebKit/537.36 (KHTML, like Gecko) Chrome/149.0.0.0 Safari/537.36"
91.81.57.154 - - [16/Jun/2026:14:18:11 +0200] "GET /wp-content/plugins/elementor/assets/js/shared-frontend-handlers.03caa53373b56d3bab67.bundle.min.js HTTP/2.0" 200 2515 "https://elettroservicegroup.it/chi-siamo/" "Mozilla/5.0 (Windows NT 10.0; Win64; x64) AppleWebKit/537.36 (KHTML, like Gecko) Chrome/149.0.0.0 Safari/537.36"
91.81.57.154 - - [16/Jun/2026:14:18:11 +0200] "GET /wp-content/plugins/elementor/assets/js/text-editor.45609661e409413f1cef.bundle.min.js HTTP/2.0" 200 592 "https://elettroservicegroup.it/chi-siamo/" "Mozilla/5.0 (Windows NT 10.0; Win64; x64) AppleWebKit/537.36 (KHTML, like Gecko) Chrome/149.0.0.0 Safari/537.36"
91.81.57.154 - - [16/Jun/2026:14:18:11 +0200] "GET /wp-content/uploads/2021/10/cropped-cropped-cropped-cropped-logo_white_background-32x32.png HTTP/2.0" 200 1525 "https://elettroservicegroup.it/chi-siamo/" "Mozilla/5.0 (Windows NT 10.0; Win64; x64) AppleWebKit/537.36 (KHTML, like Gecko) Chrome/149.0.0.0 Safari/537.36"
65.108.235.243 - - [16/Jun/2026:14:18:17 +0200] "POST /wp-cron.php?doing_wp_cron=1781612297.5071809291839599609375 HTTP/1.1" 200 1 "-" "WordPress/7.0; https://elettroservicegroup.it"
91.81.57.154 - - [16/Jun/2026:14:18:10 +0200] "GET /wp-json/complianz/v1/banner?lang=it&locale=it_IT&token=bwfvd HTTP/2.0" 200 82 "https://elettroservicegroup.it/chi-siamo/" "Mozilla/5.0 (Windows NT 10.0; Win64; x64) AppleWebKit/537.36 (KHTML, like Gecko) Chrome/149.0.0.0 Safari/537.36"
91.81.57.154 - - [16/Jun/2026:14:18:18 +0200] "GET /wp-content/uploads/complianz/css/banner-1-optin.css?v=45 HTTP/2.0" 200 2893 "https://elettroservicegroup.it/chi-siamo/" "Mozilla/5.0 (Windows NT 10.0; Win64; x64) AppleWebKit/537.36 (KHTML, like Gecko) Chrome/149.0.0.0 Safari/537.36"
91.81.57.154 - - [16/Jun/2026:14:18:18 +0200] "GET /wp-json/complianz/v1/cookie_data HTTP/2.0" 200 97 "https://elettroservicegroup.it/chi-siamo/" "Mozilla/5.0 (Windows NT 10.0; Win64; x64) AppleWebKit/537.36 (KHTML, like Gecko) Chrome/149.0.0.0 Safari/537.36"
91.81.57.154 - - [16/Jun/2026:14:18:31 +0200] "GET /wp-content/plugins/complianz-gdpr-premium/assets/images/placeholders/google-maps-minimal-1280x920.jpg HTTP/2.0" 200 55264 "https://elettroservicegroup.it/chi-siamo/" "Mozilla/5.0 (Windows NT 10.0; Win64; x64) AppleWebKit/537.36 (KHTML, like Gecko) Chrome/149.0.0.0 Safari/537.36"
91.81.57.154 - - [16/Jun/2026:14:18:44 +0200] "POST /wp-json/complianz/v1/track HTTP/2.0" 200 - "https://elettroservicegroup.it/chi-siamo/" "Mozilla/5.0 (Windows NT 10.0; Win64; x64) AppleWebKit/537.36 (KHTML, like Gecko) Chrome/149.0.0.0 Safari/537.36"
41.200.26.195 - - [16/Jun/2026:14:37:32 +0200] "GET /dichiarazione-sulla-privacy-ue/ HTTP/1.1" 200 20640 "-" "Mozilla/5.0 (compatible; MSIE 8.0; Windows NT 5.1; Trident/5.1)"
200.142.236.11 - - [16/Jun/2026:14:37:39 +0200] "GET /termini-e-condizioni/ HTTP/1.1" 200 18574 "-" "Mozilla/5.0 (Macintosh; Intel Mac OS X 10_12_9 rv:4.0; et-EE) AppleWebKit/532.41.7 (KHTML, like Gecko) Version/5.0.2 Safari/532.41.7"
65.108.235.243 - - [16/Jun/2026:15:10:02 +0200] "POST /wp-cron.php?doing_wp_cron=1781615402.5785119533538818359375 HTTP/1.1" 200 1 "-" "WordPress/7.0; https://elettroservicegroup.it"
216.73.217.139 - - [16/Jun/2026:15:09:59 +0200] "GET /robots.txt HTTP/2.0" 200 99 "-" "Mozilla/5.0 AppleWebKit/537.36 (KHTML, like Gecko; compatible; ClaudeBot/1.0; +claudebot@anthropic.com)"
65.108.235.243 - - [16/Jun/2026:15:10:03 +0200] "POST /wp-json/complianz/v1/wsc-scan HTTP/1.1" 400 88 "-" "WordPress/7.0; https://elettroservicegroup.it"
216.73.217.139 - - [16/Jun/2026:15:10:26 +0200] "GET /sitemap.rss HTTP/2.0" 200 732 "-" "Mozilla/5.0 AppleWebKit/537.36 (KHTML, like Gecko; compatible; ClaudeBot/1.0; +claudebot@anthropic.com)"
65.108.235.243 - - [16/Jun/2026:15:14:15 +0200] "POST /wp-cron.php?doing_wp_cron=1781615655.8113849163055419921875 HTTP/1.1" 200 1 "-" "WordPress/7.0; https://elettroservicegroup.it"
66.249.64.98 - - [16/Jun/2026:15:14:13 +0200] "GET /wp-json/complianz/v1/datarequests HTTP/1.1" 404 115 "-" "Mozilla/5.0 (Linux; Android 6.0.1; Nexus 5X Build/MMB29P) AppleWebKit/537.36 (KHTML, like Gecko) Chrome/148.0.7778.96 Mobile Safari/537.36 (compatible; GoogleOther)"
65.108.235.243 - - [16/Jun/2026:15:35:06 +0200] "POST /wp-cron.php?doing_wp_cron=1781616906.0418000221252441406250 HTTP/1.1" 200 1 "-" "WordPress/7.0; https://elettroservicegroup.it"
114.119.141.228 - - [16/Jun/2026:15:35:04 +0200] "GET /robots.txt HTTP/1.1" 200 99 "https://elettroservicegroup.it/robots.txt" "Mozilla/5.0 (compatible;PetalBot;+https://webmaster.petalsearch.com/site/petalbot)"
65.108.235.243 - - [16/Jun/2026:15:41:52 +0200] "POST /wp-cron.php?doing_wp_cron=1781617312.0525629520416259765625 HTTP/1.1" 200 1 "-" "WordPress/7.0; https://elettroservicegroup.it"
104.210.140.136 - - [16/Jun/2026:15:41:49 +0200] "GET /robots.txt HTTP/2.0" 200 99 "-" "Mozilla/5.0 (Macintosh; Intel Mac OS X 10_15_7) AppleWebKit/537.36 (KHTML, like Gecko) Chrome/131.0.0.0 Safari/537.36; compatible; OAI-SearchBot/1.0; +https://openai.com/searchbot"
65.108.235.243 - - [16/Jun/2026:15:58:46 +0200] "POST /wp-cron.php?doing_wp_cron=1781618326.5052471160888671875000 HTTP/1.1" 200 1 "-" "WordPress/7.0; https://elettroservicegroup.it"
213.180.203.2 - - [16/Jun/2026:15:58:37 +0200] "GET /robots.txt HTTP/1.1" 200 177 "-" "Mozilla/5.0 (compatible; YandexBot/3.0; +http://yandex.com/bots)"
213.180.203.142 - - [16/Jun/2026:15:58:47 +0200] "GET /wp-content/uploads/2021/10/cropped-cropped-cropped-cropped-logo_white_background-180x180.png HTTP/2.0" 200 21353 "-" "Mozilla/5.0 (compatible; YandexFavicons/1.0; +http://yandex.com/bots)"
65.108.235.243 - - [16/Jun/2026:15:58:47 +0200] "POST /wp-admin/admin-ajax.php?action=wordfence_testAjax HTTP/1.1" 200 16 "-" "WordPress/7.0; https://elettroservicegroup.it"
65.108.235.243 - - [16/Jun/2026:15:58:49 +0200] "GET /wp-admin/admin-ajax.php?action=wordfence_doScan&isFork=0&scanMode=quick&cronKey=b6d8a2e715f2acea054f25f5d5470932&signature=72e5f71fcdce1596d7c105af9e77dd84f1d280464d819fc088384b9544a60293 HTTP/1.1" 200 1 "-" "WordPress/7.0; https://elettroservicegroup.it"
65.108.235.243 - - [16/Jun/2026:16:30:09 +0200] "POST /wp-json/complianz/v1/wsc-scan HTTP/1.1" 400 88 "-" "WordPress/7.0; https://elettroservicegroup.it"
148.113.128.213 - - [16/Jun/2026:16:31:11 +0200] "GET /robots.txt HTTP/2.0" 403 - "-" "Mozilla/5.0 (compatible; AhrefsBot/7.0; +http://ahrefs.com/robot/)"
176.31.139.25 - - [16/Jun/2026:16:31:34 +0200] "GET / HTTP/2.0" 403 - "-" "Mozilla/5.0 (compatible; AhrefsBot/7.0; +http://ahrefs.com/robot/)"
65.108.235.243 - - [16/Jun/2026:17:51:26 +0200] "POST /wp-cron.php?doing_wp_cron=1781625085.9159789085388183593750 HTTP/1.1" 200 1 "-" "WordPress/7.0; https://elettroservicegroup.it"
183.253.72.63 - - [16/Jun/2026:17:51:15 +0200] "GET /wp-content/plugins/wp-file-manager/lib/php/connector.minimal.php HTTP/1.1" 404 17644 "-" "python-requests/2.32.5"
183.253.72.63 - - [16/Jun/2026:17:51:24 +0200] "GET /filemanager/connectors/php/connector.php HTTP/1.1" 404 17637 "-" "python-requests/2.32.5"
65.108.235.243 - - [16/Jun/2026:17:51:28 +0200] "POST /wp-json/complianz/v1/wsc-scan HTTP/1.1" 400 88 "-" "WordPress/7.0; https://elettroservicegroup.it"
183.253.72.63 - - [16/Jun/2026:17:51:28 +0200] "GET /filemanager/connectors/php/connector.minimal.php HTTP/1.1" 404 17640 "-" "python-requests/2.32.5"
183.253.72.63 - - [16/Jun/2026:17:51:32 +0200] "GET /filemanager/connectors/php/elFinderConnector.class.php HTTP/1.1" 503 576 "-" "python-requests/2.32.5"
183.253.72.63 - - [16/Jun/2026:17:51:35 +0200] "GET /elfinder/php/connector.minimal.php HTTP/1.1" 503 576 "-" "python-requests/2.32.5"
183.253.72.63 - - [16/Jun/2026:17:51:36 +0200] "GET /elfinder/php/connector.minimal.php HTTP/1.1" 503 576 "-" "python-requests/2.32.5"
183.253.72.63 - - [16/Jun/2026:17:51:38 +0200] "GET /elfinder/connector.minimal.php HTTP/1.1" 503 576 "-" "python-requests/2.32.5"
183.253.72.63 - - [16/Jun/2026:17:51:39 +0200] "GET /elFinder/php/connector.minimal.php HTTP/1.1" 503 576 "-" "python-requests/2.32.5"
65.108.235.243 - - [16/Jun/2026:17:51:37 +0200] "GET /?wp_scrape_key=69ab58dc0022cda1c96f8cd2d27002cc&wp_scrape_nonce=1781625095 HTTP/1.1" 200 21668 "-" "WordPress/7.0; https://elettroservicegroup.it"
183.253.72.63 - - [16/Jun/2026:17:51:41 +0200] "GET /lib/elfinder/php/connector.minimal.php HTTP/1.1" 404 17635 "-" "python-requests/2.32.5"
65.108.235.243 - - [16/Jun/2026:17:54:43 +0200] "POST /wp-cron.php?doing_wp_cron=1781625283.7661519050598144531250 HTTP/1.1" 200 1 "-" "WordPress/7.0; https://elettroservicegroup.it"
77.90.185.230 - - [16/Jun/2026:17:54:42 +0200] "GET /.env HTTP/1.1" 404 83601 "-" "Mozilla/5.0 (X11; U; Linux x86_64; en-US; rv:1.9.2.13) Gecko/20101219 Gentoo Firefox/3.6.13"
35.188.58.102 - - [16/Jun/2026:18:13:20 +0200] "GET / HTTP/2.0" 200 23111 "http://elettroservicegroup.it" "Mozilla/5.0 (compatible; CMS-Checker/1.0; +https://example.com)"
188.72.109.147 - - [16/Jun/2026:18:24:36 +0200] "GET / HTTP/1.1" 200 21223 "-" "Mozilla/5.0 (Windows NT 10.0; Win64; x64) AppleWebKit/537.36 (KHTML, like Gecko) Chrome/135.0.0.0 Safari/537.36"
178.170.196.130 - - [16/Jun/2026:18:55:45 +0200] "GET /chi-siamo/ HTTP/1.1" 415 21681 "-" "Mozilla/5.0 (Windows NT 10.0; Win64; x64) AppleWebKit/537.36 (KHTML, like Gecko) Chrome/135.0.0.0 Safari/537.36"
107.189.8.181 - - [16/Jun/2026:19:00:08 +0200] "GET / HTTP/1.1" 415 139499 "-" "python-requests/2.31.0"
35.188.58.102 - - [16/Jun/2026:19:03:18 +0200] "GET / HTTP/1.1" 200 139483 "-" "Mozilla/5.0 (Windows NT 10.0; Win64; x64) AppleWebKit/537.36 (KHTML, like Gecko) Chrome/78.0.3904.108 Safari/537.36"
35.188.58.102 - - [16/Jun/2026:19:03:18 +0200] "GET //wp-includes/wlwmanifest.xml HTTP/1.1" 301 - "-" "Mozilla/5.0 (Windows NT 10.0; Win64; x64) AppleWebKit/537.36 (KHTML, like Gecko) Chrome/78.0.3904.108 Safari/537.36"
65.108.235.243 - - [16/Jun/2026:19:03:18 +0200] "POST /wp-json/complianz/v1/wsc-scan HTTP/1.1" 400 88 "-" "WordPress/7.0; https://elettroservicegroup.it"
35.188.58.102 - - [16/Jun/2026:19:03:19 +0200] "GET //xmlrpc.php?rsd HTTP/1.1" 403 52 "-" "Mozilla/5.0 (Windows NT 10.0; Win64; x64) AppleWebKit/537.36 (KHTML, like Gecko) Chrome/78.0.3904.108 Safari/537.36"
35.188.58.102 - - [16/Jun/2026:19:03:19 +0200] "GET / HTTP/1.1" 200 139483 "-" "Mozilla/5.0 (Windows NT 10.0; Win64; x64) AppleWebKit/537.36 (KHTML, like Gecko) Chrome/78.0.3904.108 Safari/537.36"
35.188.58.102 - - [16/Jun/2026:19:03:20 +0200] "GET //?author=1 HTTP/1.1" 404 70179 "-" "Mozilla/5.0 (Windows NT 10.0; Win64; x64) AppleWebKit/537.36 (KHTML, like Gecko) Chrome/78.0.3904.108 Safari/537.36"
35.188.58.102 - - [16/Jun/2026:19:03:21 +0200] "GET //?author=2 HTTP/1.1" 404 70179 "-" "Mozilla/5.0 (Windows NT 10.0; Win64; x64) AppleWebKit/537.36 (KHTML, like Gecko) Chrome/78.0.3904.108 Safari/537.36"
35.188.58.102 - - [16/Jun/2026:19:03:23 +0200] "GET //wp-json/wp/v2/users/ HTTP/1.1" 401 108 "-" "Mozilla/5.0 (Windows NT 10.0; Win64; x64) AppleWebKit/537.36 (KHTML, like Gecko) Chrome/78.0.3904.108 Safari/537.36"
35.188.58.102 - - [16/Jun/2026:19:03:23 +0200] "GET //wp-json/oembed/1.0/embed?url=https://elettroservicegroup.it/ HTTP/1.1" 200 2167 "-" "Mozilla/5.0 (Windows NT 10.0; Win64; x64) AppleWebKit/537.36 (KHTML, like Gecko) Chrome/78.0.3904.108 Safari/537.36"
35.188.58.102 - - [16/Jun/2026:19:03:24 +0200] "POST //xmlrpc.php HTTP/1.1" 403 52 "-" "Mozilla/5.0 (Windows NT 10.0; Win64; x64) AppleWebKit/537.36 (KHTML, like Gecko) Chrome/78.0.3904.108 Safari/537.36"
45.3.53.127 - - [16/Jun/2026:19:29:50 +0200] "GET /termini-e-condizioni/ HTTP/1.1" 200 18574 "-" "Mozilla/5.0 (Windows NT 10.0; Win64; x64) AppleWebKit/537.36 (KHTML, like Gecko) Chrome/135.0.0.0 Safari/537.36 Edg/135.0.0.0"
65.108.235.243 - - [16/Jun/2026:19:33:00 +0200] "POST /wp-cron.php?doing_wp_cron=1781631180.1272621154785156250000 HTTP/1.1" 200 1 "-" "WordPress/7.0; https://elettroservicegroup.it"
34.174.139.190 - - [16/Jun/2026:19:32:59 +0200] "HEAD / HTTP/2.0" 200 - "http://elettroservicegroup.it/" "Mozilla/5.0 (Linux; Android 12; TECNO CK6n) AppleWebKit/537.36 (KHTML, like Gecko) Chrome/125.0.6422.50 Mobile Safari/537.36"
65.108.235.243 - - [16/Jun/2026:19:45:39 +0200] "POST /wp-cron.php?doing_wp_cron=1781631939.2115879058837890625000 HTTP/1.1" 200 1 "-" "WordPress/7.0; https://elettroservicegroup.it"
65.111.9.180 - - [16/Jun/2026:19:45:25 +0200] "GET /wp-login.php HTTP/2.0" 200 5159 "-" "Mozilla/5.0 (Windows NT 10.0; Win64; x64) AppleWebKit/537.36 (KHTML, like Gecko) Chrome/124.0.0.0 Safari/537.36"
65.111.9.180 - - [16/Jun/2026:19:45:40 +0200] "GET /wp-login.php?wp_lang=en_US HTTP/2.0" 200 4406 "-" "Mozilla/5.0 (Windows NT 10.0; Win64; x64) AppleWebKit/537.36 (KHTML, like Gecko) Chrome/124.0.0.0 Safari/537.36"
65.111.9.180 - - [16/Jun/2026:19:45:43 +0200] "POST /wp-login.php?wp_lang=en_US HTTP/2.0" 200 4521 "https://elettroservicegroup.it/wp-login.php?wp_lang=en_US" "Mozilla/5.0 (Windows NT 10.0; Win64; x64) AppleWebKit/537.36 (KHTML, like Gecko) Chrome/124.0.0.0 Safari/537.36"
209.50.190.112 - - [16/Jun/2026:19:45:47 +0200] "GET /wp-login.php?wp_lang=en_US HTTP/2.0" 200 4406 "-" "Mozilla/5.0 (Windows NT 10.0; Win64; x64; rv:133.0) Gecko/20100101 Firefox/133.0"
209.50.190.112 - - [16/Jun/2026:19:45:50 +0200] "POST /wp-login.php?wp_lang=en_US HTTP/2.0" 200 4521 "https://elettroservicegroup.it/wp-login.php?wp_lang=en_US" "Mozilla/5.0 (Windows NT 10.0; Win64; x64; rv:133.0) Gecko/20100101 Firefox/133.0"
65.111.2.200 - - [16/Jun/2026:19:45:54 +0200] "GET /wp-login.php?wp_lang=en_US HTTP/2.0" 200 4406 "-" "Mozilla/5.0 (Windows NT 10.0; Win64; x64; rv:133.0) Gecko/20100101 Firefox/133.0"
65.108.235.243 - - [16/Jun/2026:19:46:01 +0200] "POST /wp-cron.php?doing_wp_cron=1781631961.4038240909576416015625 HTTP/1.1" 200 1 "-" "WordPress/7.0; https://elettroservicegroup.it"
65.111.2.200 - - [16/Jun/2026:19:45:57 +0200] "POST /wp-login.php?wp_lang=en_US HTTP/2.0" 200 4521 "https://elettroservicegroup.it/wp-login.php?wp_lang=en_US" "Mozilla/5.0 (Windows NT 10.0; Win64; x64; rv:133.0) Gecko/20100101 Firefox/133.0"
65.111.9.31 - - [16/Jun/2026:19:46:03 +0200] "GET /wp-login.php?wp_lang=en_US HTTP/2.0" 200 4406 "-" "Mozilla/5.0 (Macintosh; Intel Mac OS X 10_15_7) AppleWebKit/605.1.15 (KHTML, like Gecko) Version/18.0 Safari/605.1.15"
65.111.9.31 - - [16/Jun/2026:19:46:06 +0200] "POST /wp-login.php?wp_lang=en_US HTTP/2.0" 200 4521 "https://elettroservicegroup.it/wp-login.php?wp_lang=en_US" "Mozilla/5.0 (Macintosh; Intel Mac OS X 10_15_7) AppleWebKit/605.1.15 (KHTML, like Gecko) Version/18.0 Safari/605.1.15"
209.50.162.6 - - [16/Jun/2026:19:46:10 +0200] "GET /wp-login.php?wp_lang=en_US HTTP/2.0" 200 4406 "-" "Mozilla/5.0 (Macintosh; Intel Mac OS X 10_15_7) AppleWebKit/605.1.15 (KHTML, like Gecko) Version/18.0 Safari/605.1.15"
65.108.235.243 - - [16/Jun/2026:19:46:16 +0200] "POST /wp-cron.php?doing_wp_cron=1781631976.7132821083068847656250 HTTP/1.1" 200 1 "-" "WordPress/7.0; https://elettroservicegroup.it"
209.50.162.6 - - [16/Jun/2026:19:46:13 +0200] "POST /wp-login.php?wp_lang=en_US HTTP/2.0" 200 4521 "https://elettroservicegroup.it/wp-login.php?wp_lang=en_US" "Mozilla/5.0 (Macintosh; Intel Mac OS X 10_15_7) AppleWebKit/605.1.15 (KHTML, like Gecko) Version/18.0 Safari/605.1.15"
209.50.182.165 - - [16/Jun/2026:19:46:17 +0200] "GET /wp-login.php?wp_lang=en_US HTTP/2.0" 200 4406 "-" "Mozilla/5.0 (Windows NT 10.0; Win64; x64) AppleWebKit/537.36 (KHTML, like Gecko) Chrome/124.0.0.0 Safari/537.36"
209.50.182.165 - - [16/Jun/2026:19:46:17 +0200] "POST /wp-login.php?wp_lang=en_US HTTP/2.0" 200 4521 "https://elettroservicegroup.it/wp-login.php?wp_lang=en_US" "Mozilla/5.0 (Windows NT 10.0; Win64; x64) AppleWebKit/537.36 (KHTML, like Gecko) Chrome/124.0.0.0 Safari/537.36"
195.63.31.206 - - [16/Jun/2026:19:46:19 +0200] "GET /wp-login.php?wp_lang=en_US HTTP/2.0" 200 4406 "-" "Mozilla/5.0 (Windows NT 10.0; Win64; x64) AppleWebKit/537.36 (KHTML, like Gecko) Chrome/124.0.0.0 Safari/537.36"
195.63.31.206 - - [16/Jun/2026:19:46:19 +0200] "POST /wp-login.php?wp_lang=en_US HTTP/2.0" 200 4521 "https://elettroservicegroup.it/wp-login.php?wp_lang=en_US" "Mozilla/5.0 (Windows NT 10.0; Win64; x64) AppleWebKit/537.36 (KHTML, like Gecko) Chrome/124.0.0.0 Safari/537.36"
209.50.175.144 - - [16/Jun/2026:19:46:21 +0200] "GET /wp-login.php?wp_lang=en_US HTTP/2.0" 200 4406 "-" "Mozilla/5.0 (Windows NT 10.0; Win64; x64) AppleWebKit/537.36 (KHTML, like Gecko) Chrome/124.0.0.0 Safari/537.36"
209.50.175.144 - - [16/Jun/2026:19:46:21 +0200] "POST /wp-login.php?wp_lang=en_US HTTP/2.0" 200 4521 "https://elettroservicegroup.it/wp-login.php?wp_lang=en_US" "Mozilla/5.0 (Windows NT 10.0; Win64; x64) AppleWebKit/537.36 (KHTML, like Gecko) Chrome/124.0.0.0 Safari/537.36"
104.167.25.159 - - [16/Jun/2026:19:46:23 +0200] "GET /wp-login.php?wp_lang=en_US HTTP/2.0" 200 4406 "-" "Mozilla/5.0 (Windows NT 10.0; Win64; x64) AppleWebKit/537.36 (KHTML, like Gecko) Chrome/124.0.0.0 Safari/537.36"
104.167.25.159 - - [16/Jun/2026:19:46:25 +0200] "POST /wp-login.php?wp_lang=en_US HTTP/2.0" 200 4521 "https://elettroservicegroup.it/wp-login.php?wp_lang=en_US" "Mozilla/5.0 (Windows NT 10.0; Win64; x64) AppleWebKit/537.36 (KHTML, like Gecko) Chrome/124.0.0.0 Safari/537.36"
65.111.30.48 - - [16/Jun/2026:19:46:26 +0200] "GET /wp-login.php?wp_lang=en_US HTTP/2.0" 200 4406 "-" "Mozilla/5.0 (Windows NT 10.0; Win64; x64) AppleWebKit/537.36 (KHTML, like Gecko) Chrome/124.0.0.0 Safari/537.36"
65.111.30.48 - - [16/Jun/2026:19:46:27 +0200] "POST /wp-login.php?wp_lang=en_US HTTP/2.0" 200 4521 "https://elettroservicegroup.it/wp-login.php?wp_lang=en_US" "Mozilla/5.0 (Windows NT 10.0; Win64; x64) AppleWebKit/537.36 (KHTML, like Gecko) Chrome/124.0.0.0 Safari/537.36"
216.26.228.183 - - [16/Jun/2026:19:46:29 +0200] "GET /wp-login.php?wp_lang=en_US HTTP/2.0" 200 4406 "-" "Mozilla/5.0 (Macintosh; Intel Mac OS X 10_15_7) AppleWebKit/605.1.15 (KHTML, like Gecko) Version/18.0 Safari/605.1.15"
216.26.228.183 - - [16/Jun/2026:19:46:29 +0200] "POST /wp-login.php?wp_lang=en_US HTTP/2.0" 200 4521 "https://elettroservicegroup.it/wp-login.php?wp_lang=en_US" "Mozilla/5.0 (Macintosh; Intel Mac OS X 10_15_7) AppleWebKit/605.1.15 (KHTML, like Gecko) Version/18.0 Safari/605.1.15"
209.50.160.198 - - [16/Jun/2026:19:46:31 +0200] "GET /wp-login.php?wp_lang=en_US HTTP/2.0" 200 11836 "-" "Mozilla/5.0 (Windows NT 10.0; Win64; x64; rv:133.0) Gecko/20100101 Firefox/133.0"
209.50.189.51 - - [16/Jun/2026:19:46:32 +0200] "GET /wp-login.php?wp_lang=en_US HTTP/2.0" 200 4406 "-" "Mozilla/5.0 (Windows NT 10.0; Win64; x64) AppleWebKit/537.36 (KHTML, like Gecko) Chrome/124.0.0.0 Safari/537.36"
209.50.189.51 - - [16/Jun/2026:19:46:33 +0200] "POST /wp-login.php?wp_lang=en_US HTTP/2.0" 200 4521 "https://elettroservicegroup.it/wp-login.php?wp_lang=en_US" "Mozilla/5.0 (Windows NT 10.0; Win64; x64) AppleWebKit/537.36 (KHTML, like Gecko) Chrome/124.0.0.0 Safari/537.36"
216.26.235.7 - - [16/Jun/2026:19:46:37 +0200] "GET /wp-login.php?wp_lang=en_US HTTP/2.0" 200 4406 "-" "Mozilla/5.0 (Windows NT 10.0; Win64; x64) AppleWebKit/537.36 (KHTML, like Gecko) Chrome/124.0.0.0 Safari/537.36"
216.26.235.7 - - [16/Jun/2026:19:46:38 +0200] "POST /wp-login.php?wp_lang=en_US HTTP/2.0" 200 4521 "https://elettroservicegroup.it/wp-login.php?wp_lang=en_US" "Mozilla/5.0 (Windows NT 10.0; Win64; x64) AppleWebKit/537.36 (KHTML, like Gecko) Chrome/124.0.0.0 Safari/537.36"
79.47.61.118 - - [16/Jun/2026:19:52:18 +0200] "GET /chi-siamo/ HTTP/2.0" 200 21673 "https://reggio-emilia.elettroservicegroup.it/" "Mozilla/5.0 (X11; Linux x86_64) AppleWebKit/537.36 (KHTML, like Gecko) SamsungBrowser/30.0 Chrome/143.0.0.0 Safari/537.36"
79.47.61.118 - - [16/Jun/2026:19:52:18 +0200] "GET /wp-content/cache/wpfc-minified/10hpkmg7/43vgn.css HTTP/2.0" 200 418 "https://elettroservicegroup.it/chi-siamo/" "Mozilla/5.0 (X11; Linux x86_64) AppleWebKit/537.36 (KHTML, like Gecko) SamsungBrowser/30.0 Chrome/143.0.0.0 Safari/537.36"
79.47.61.118 - - [16/Jun/2026:19:52:18 +0200] "GET /wp-content/uploads/elementor/css/post-14146.css?ver=1781232806 HTTP/2.0" 200 428 "https://elettroservicegroup.it/chi-siamo/" "Mozilla/5.0 (X11; Linux x86_64) AppleWebKit/537.36 (KHTML, like Gecko) SamsungBrowser/30.0 Chrome/143.0.0.0 Safari/537.36"
79.47.61.118 - - [16/Jun/2026:19:52:18 +0200] "GET /wp-content/cache/wpfc-minified/eh40z7s2/43vgn.css HTTP/2.0" 200 11323 "https://elettroservicegroup.it/chi-siamo/" "Mozilla/5.0 (X11; Linux x86_64) AppleWebKit/537.36 (KHTML, like Gecko) SamsungBrowser/30.0 Chrome/143.0.0.0 Safari/537.36"
79.47.61.118 - - [16/Jun/2026:19:52:18 +0200] "GET /wp-content/cache/wpfc-minified/fspqf2ba/43vgn.css HTTP/2.0" 200 16112 "https://elettroservicegroup.it/chi-siamo/" "Mozilla/5.0 (X11; Linux x86_64) AppleWebKit/537.36 (KHTML, like Gecko) SamsungBrowser/30.0 Chrome/143.0.0.0 Safari/537.36"
79.47.61.118 - - [16/Jun/2026:19:52:18 +0200] "GET /wp-content/uploads/elementor/css/post-14366.css?ver=1781232806 HTTP/2.0" 200 310 "https://elettroservicegroup.it/chi-siamo/" "Mozilla/5.0 (X11; Linux x86_64) AppleWebKit/537.36 (KHTML, like Gecko) SamsungBrowser/30.0 Chrome/143.0.0.0 Safari/537.36"
79.47.61.118 - - [16/Jun/2026:19:52:18 +0200] "GET /wp-content/cache/wpfc-minified/7ahyfouu/43vgn.css HTTP/2.0" 200 4410 "https://elettroservicegroup.it/chi-siamo/" "Mozilla/5.0 (X11; Linux x86_64) AppleWebKit/537.36 (KHTML, like Gecko) SamsungBrowser/30.0 Chrome/143.0.0.0 Safari/537.36"
79.47.61.118 - - [16/Jun/2026:19:52:18 +0200] "GET /wp-content/cache/wpfc-minified/m8vzkiox/43vgn.css HTTP/2.0" 200 23329 "https://elettroservicegroup.it/chi-siamo/" "Mozilla/5.0 (X11; Linux x86_64) AppleWebKit/537.36 (KHTML, like Gecko) SamsungBrowser/30.0 Chrome/143.0.0.0 Safari/537.36"
79.47.61.118 - - [16/Jun/2026:19:52:18 +0200] "GET /wp-content/cache/wpfc-minified/6yk1ya41/43vgn.css HTTP/2.0" 200 14481 "https://elettroservicegroup.it/chi-siamo/" "Mozilla/5.0 (X11; Linux x86_64) AppleWebKit/537.36 (KHTML, like Gecko) SamsungBrowser/30.0 Chrome/143.0.0.0 Safari/537.36"
79.47.61.118 - - [16/Jun/2026:19:52:18 +0200] "GET /wp-content/cache/wpfc-minified/dih7xtos/43vgn.css HTTP/2.0" 200 19016 "https://elettroservicegroup.it/chi-siamo/" "Mozilla/5.0 (X11; Linux x86_64) AppleWebKit/537.36 (KHTML, like Gecko) SamsungBrowser/30.0 Chrome/143.0.0.0 Safari/537.36"
79.47.61.118 - - [16/Jun/2026:19:52:19 +0200] "GET /wp-content/uploads/2021/10/cropped-cropped-cropped-logo_white_background.png HTTP/2.0" 200 38971 "https://elettroservicegroup.it/chi-siamo/" "Mozilla/5.0 (X11; Linux x86_64) AppleWebKit/537.36 (KHTML, like Gecko) SamsungBrowser/30.0 Chrome/143.0.0.0 Safari/537.36"
79.47.61.118 - - [16/Jun/2026:19:52:19 +0200] "GET /wp-content/plugins/gp-premium/menu-plus/functions/js/sticky.min.js?ver=2.5.5 HTTP/2.0" 200 2670 "https://elettroservicegroup.it/chi-siamo/" "Mozilla/5.0 (X11; Linux x86_64) AppleWebKit/537.36 (KHTML, like Gecko) SamsungBrowser/30.0 Chrome/143.0.0.0 Safari/537.36"
79.47.61.118 - - [16/Jun/2026:19:52:19 +0200] "GET /wp-content/uploads/2026/05/COPERTINA-11-300x150-1.png HTTP/2.0" 200 30285 "https://elettroservicegroup.it/chi-siamo/" "Mozilla/5.0 (X11; Linux x86_64) AppleWebKit/537.36 (KHTML, like Gecko) SamsungBrowser/30.0 Chrome/143.0.0.0 Safari/537.36"
79.47.61.118 - - [16/Jun/2026:19:52:19 +0200] "GET /wp-content/cache/wpfc-minified/kbnudfut/43vgn.js HTTP/2.0" 200 8744 "https://elettroservicegroup.it/chi-siamo/" "Mozilla/5.0 (X11; Linux x86_64) AppleWebKit/537.36 (KHTML, like Gecko) SamsungBrowser/30.0 Chrome/143.0.0.0 Safari/537.36"
79.47.61.118 - - [16/Jun/2026:19:52:19 +0200] "GET /wp-content/cache/wpfc-minified/kdwvm73z/43vgn.js HTTP/2.0" 200 32843 "https://elettroservicegroup.it/chi-siamo/" "Mozilla/5.0 (X11; Linux x86_64) AppleWebKit/537.36 (KHTML, like Gecko) SamsungBrowser/30.0 Chrome/143.0.0.0 Safari/537.36"
79.47.61.118 - - [16/Jun/2026:19:52:19 +0200] "GET /wp-content/plugins/elementor/assets/js/webpack.runtime.min.js?ver=4.1.3 HTTP/2.0" 200 2340 "https://elettroservicegroup.it/chi-siamo/" "Mozilla/5.0 (X11; Linux x86_64) AppleWebKit/537.36 (KHTML, like Gecko) SamsungBrowser/30.0 Chrome/143.0.0.0 Safari/537.36"
79.47.61.118 - - [16/Jun/2026:19:52:19 +0200] "GET /wp-content/plugins/elementor/assets/js/frontend-modules.min.js?ver=4.1.3 HTTP/2.0" 200 15454 "https://elettroservicegroup.it/chi-siamo/" "Mozilla/5.0 (X11; Linux x86_64) AppleWebKit/537.36 (KHTML, like Gecko) SamsungBrowser/30.0 Chrome/143.0.0.0 Safari/537.36"
79.47.61.118 - - [16/Jun/2026:19:52:19 +0200] "GET /wp-includes/js/jquery/ui/core.min.js?ver=1.13.3 HTTP/2.0" 200 6820 "https://elettroservicegroup.it/chi-siamo/" "Mozilla/5.0 (X11; Linux x86_64) AppleWebKit/537.36 (KHTML, like Gecko) SamsungBrowser/30.0 Chrome/143.0.0.0 Safari/537.36"
79.47.61.118 - - [16/Jun/2026:19:52:19 +0200] "GET /wp-content/plugins/elementor/assets/js/frontend.min.js?ver=4.1.3 HTTP/2.0" 200 10140 "https://elettroservicegroup.it/chi-siamo/" "Mozilla/5.0 (X11; Linux x86_64) AppleWebKit/537.36 (KHTML, like Gecko) SamsungBrowser/30.0 Chrome/143.0.0.0 Safari/537.36"
79.47.61.118 - - [16/Jun/2026:19:52:19 +0200] "GET /wp-content/themes/generatepress/assets/js/back-to-top.min.js?ver=3.6.1 HTTP/2.0" 200 336 "https://elettroservicegroup.it/chi-siamo/" "Mozilla/5.0 (X11; Linux x86_64) AppleWebKit/537.36 (KHTML, like Gecko) SamsungBrowser/30.0 Chrome/143.0.0.0 Safari/537.36"
79.47.61.118 - - [16/Jun/2026:19:52:19 +0200] "GET /wp-content/themes/generatepress/assets/js/menu.min.js?ver=3.6.1 HTTP/2.0" 200 1688 "https://elettroservicegroup.it/chi-siamo/" "Mozilla/5.0 (X11; Linux x86_64) AppleWebKit/537.36 (KHTML, like Gecko) SamsungBrowser/30.0 Chrome/143.0.0.0 Safari/537.36"
79.47.61.118 - - [16/Jun/2026:19:52:19 +0200] "GET /wp-content/plugins/complianz-gdpr-premium/cookiebanner/js/complianz.min.js?ver=1780325960 HTTP/2.0" 200 10762 "https://elettroservicegroup.it/chi-siamo/" "Mozilla/5.0 (X11; Linux x86_64) AppleWebKit/537.36 (KHTML, like Gecko) SamsungBrowser/30.0 Chrome/143.0.0.0 Safari/537.36"
65.108.235.243 - - [16/Jun/2026:19:52:21 +0200] "POST /wp-cron.php?doing_wp_cron=1781632341.5039849281311035156250 HTTP/1.1" 200 1 "-" "WordPress/7.0; https://elettroservicegroup.it"
79.47.61.118 - - [16/Jun/2026:19:52:18 +0200] "GET /wp-content/uploads/elementor/css/post-15145.css?ver=1781232806 HTTP/2.0" 404 18907 "https://elettroservicegroup.it/chi-siamo/" "Mozilla/5.0 (X11; Linux x86_64) AppleWebKit/537.36 (KHTML, like Gecko) SamsungBrowser/30.0 Chrome/143.0.0.0 Safari/537.36"
79.47.61.118 - - [16/Jun/2026:19:52:21 +0200] "GET /wp-content/uploads/elementor/google-fonts/fonts/robotoslab-bngmuxzytxpivibgjjsb6ufn5qu.woff2 HTTP/2.0" 200 34328 "https://elettroservicegroup.it/wp-content/cache/wpfc-minified/6yk1ya41/43vgn.css" "Mozilla/5.0 (X11; Linux x86_64) AppleWebKit/537.36 (KHTML, like Gecko) SamsungBrowser/30.0 Chrome/143.0.0.0 Safari/537.36"
79.47.61.118 - - [16/Jun/2026:19:52:21 +0200] "GET /wp-content/plugins/elementor/assets/lib/font-awesome/webfonts/fa-solid-900.woff2 HTTP/2.0" 200 78201 "https://elettroservicegroup.it/wp-content/cache/wpfc-minified/fspqf2ba/43vgn.css" "Mozilla/5.0 (X11; Linux x86_64) AppleWebKit/537.36 (KHTML, like Gecko) SamsungBrowser/30.0 Chrome/143.0.0.0 Safari/537.36"
79.47.61.118 - - [16/Jun/2026:19:52:21 +0200] "GET /wp-content/uploads/2026/05/RECENSIONI-gOOGLE.png HTTP/2.0" 200 5052 "https://elettroservicegroup.it/chi-siamo/" "Mozilla/5.0 (X11; Linux x86_64) AppleWebKit/537.36 (KHTML, like Gecko) SamsungBrowser/30.0 Chrome/143.0.0.0 Safari/537.36"
79.47.61.118 - - [16/Jun/2026:19:52:22 +0200] "GET /wp-content/plugins/elementor/assets/lib/font-awesome/webfonts/fa-regular-400.woff2 HTTP/2.0" 200 13277 "https://elettroservicegroup.it/wp-content/cache/wpfc-minified/fspqf2ba/43vgn.css" "Mozilla/5.0 (X11; Linux x86_64) AppleWebKit/537.36 (KHTML, like Gecko) SamsungBrowser/30.0 Chrome/143.0.0.0 Safari/537.36"
79.47.61.118 - - [16/Jun/2026:19:52:22 +0200] "GET /wp-content/uploads/2021/10/COPERTINA.png HTTP/2.0" 200 238875 "https://elettroservicegroup.it/chi-siamo/" "Mozilla/5.0 (X11; Linux x86_64) AppleWebKit/537.36 (KHTML, like Gecko) SamsungBrowser/30.0 Chrome/143.0.0.0 Safari/537.36"
79.47.61.118 - - [16/Jun/2026:19:52:22 +0200] "GET /wp-content/plugins/elementor/assets/js/section-frontend-handlers.d85ab872da118940910d.bundle.min.js HTTP/2.0" 200 230 "https://elettroservicegroup.it/chi-siamo/" "Mozilla/5.0 (X11; Linux x86_64) AppleWebKit/537.36 (KHTML, like Gecko) SamsungBrowser/30.0 Chrome/143.0.0.0 Safari/537.36"
79.47.61.118 - - [16/Jun/2026:19:52:22 +0200] "GET /wp-content/plugins/elementor/assets/js/text-editor.45609661e409413f1cef.bundle.min.js HTTP/2.0" 200 592 "https://elettroservicegroup.it/chi-siamo/" "Mozilla/5.0 (X11; Linux x86_64) AppleWebKit/537.36 (KHTML, like Gecko) SamsungBrowser/30.0 Chrome/143.0.0.0 Safari/537.36"
79.47.61.118 - - [16/Jun/2026:19:52:22 +0200] "GET /wp-content/plugins/elementor/assets/js/shared-frontend-handlers.03caa53373b56d3bab67.bundle.min.js HTTP/2.0" 200 2515 "https://elettroservicegroup.it/chi-siamo/" "Mozilla/5.0 (X11; Linux x86_64) AppleWebKit/537.36 (KHTML, like Gecko) SamsungBrowser/30.0 Chrome/143.0.0.0 Safari/537.36"
79.47.61.118 - - [16/Jun/2026:19:52:22 +0200] "GET /wp-content/uploads/2021/10/cropped-cropped-cropped-cropped-logo_white_background-192x192.png HTTP/2.0" 200 19089 "https://elettroservicegroup.it/chi-siamo/" "Mozilla/5.0 (X11; Linux x86_64) AppleWebKit/537.36 (KHTML, like Gecko) SamsungBrowser/30.0 Chrome/143.0.0.0 Safari/537.36"
79.47.61.118 - - [16/Jun/2026:19:52:22 +0200] "GET /wp-content/uploads/2021/10/cropped-cropped-cropped-cropped-logo_white_background-180x180.png HTTP/2.0" 200 21353 "https://elettroservicegroup.it/chi-siamo/" "Mozilla/5.0 (X11; Linux x86_64) AppleWebKit/537.36 (KHTML, like Gecko) SamsungBrowser/30.0 Chrome/143.0.0.0 Safari/537.36"
79.47.61.118 - - [16/Jun/2026:19:52:22 +0200] "GET /wp-json/complianz/v1/banner?lang=it&locale=it_IT&token=fvmfm HTTP/2.0" 200 82 "https://elettroservicegroup.it/chi-siamo/" "Mozilla/5.0 (X11; Linux x86_64) AppleWebKit/537.36 (KHTML, like Gecko) SamsungBrowser/30.0 Chrome/143.0.0.0 Safari/537.36"
79.47.61.118 - - [16/Jun/2026:19:52:22 +0200] "GET /wp-content/uploads/complianz/css/banner-1-optin.css?v=45 HTTP/2.0" 200 2893 "https://elettroservicegroup.it/chi-siamo/" "Mozilla/5.0 (X11; Linux x86_64) AppleWebKit/537.36 (KHTML, like Gecko) SamsungBrowser/30.0 Chrome/143.0.0.0 Safari/537.36"
79.47.61.118 - - [16/Jun/2026:19:52:22 +0200] "GET /wp-json/complianz/v1/cookie_data HTTP/2.0" 200 97 "https://elettroservicegroup.it/chi-siamo/" "Mozilla/5.0 (X11; Linux x86_64) AppleWebKit/537.36 (KHTML, like Gecko) SamsungBrowser/30.0 Chrome/143.0.0.0 Safari/537.36"
79.47.61.118 - - [16/Jun/2026:19:52:36 +0200] "GET /wp-content/plugins/complianz-gdpr-premium/assets/images/placeholders/google-maps-minimal-1280x920.jpg HTTP/2.0" 200 55264 "https://elettroservicegroup.it/chi-siamo/" "Mozilla/5.0 (X11; Linux x86_64) AppleWebKit/537.36 (KHTML, like Gecko) SamsungBrowser/30.0 Chrome/143.0.0.0 Safari/537.36"
65.108.235.243 - - [16/Jun/2026:19:53:02 +0200] "POST /wp-cron.php?doing_wp_cron=1781632382.8073670864105224609375 HTTP/1.1" 200 1 "-" "WordPress/7.0; https://elettroservicegroup.it"
79.47.61.118 - - [16/Jun/2026:19:52:59 +0200] "POST /wp-json/complianz/v1/track HTTP/2.0" 200 - "https://elettroservicegroup.it/chi-siamo/" "Mozilla/5.0 (X11; Linux x86_64) AppleWebKit/537.36 (KHTML, like Gecko) SamsungBrowser/30.0 Chrome/143.0.0.0 Safari/537.36"
37.18.121.20 - - [16/Jun/2026:20:00:10 +0200] "GET /informativa-privacy/ HTTP/1.1" 200 20736 "-" "Mozilla/5.0 (Windows NT 10.0; Win64; x64) AppleWebKit/537.36 (KHTML, like Gecko) Chrome/135.0.0.0 Safari/537.36"
5.189.128.39 - - [16/Jun/2026:20:16:40 +0200] "GET /wp-login.php HTTP/2.0" 200 11778 "-" "Mozilla/5.0 (Windows NT 10.0; Win64; x64; rv:133.0) Gecko/20100101 Firefox/133.0"
5.189.128.39 - - [16/Jun/2026:20:16:41 +0200] "POST /xmlrpc.php HTTP/2.0" 200 11770 "-" "Mozilla/5.0 (Windows NT 10.0; Win64; x64; rv:133.0) Gecko/20100101 Firefox/133.0"
154.16.105.101 - - [16/Jun/2026:20:16:42 +0200] "POST /xmlrpc.php HTTP/2.0" 403 52 "-" "Mozilla/5.0 (Windows NT 10.0; Win64; x64) AppleWebKit/537.36 (KHTML, like Gecko) Chrome/124.0.0.0 Safari/537.36"
192.42.116.64 - - [16/Jun/2026:20:16:42 +0200] "POST /xmlrpc.php HTTP/2.0" 200 11877 "-" "Mozilla/5.0 (Windows NT 10.0; Win64; x64) AppleWebKit/537.36 (KHTML, like Gecko) Chrome/124.0.0.0 Safari/537.36"
51.210.104.116 - - [16/Jun/2026:20:16:43 +0200] "POST /xmlrpc.php HTTP/2.0" 403 52 "-" "Mozilla/5.0 (Windows NT 10.0; Win64; x64; rv:133.0) Gecko/20100101 Firefox/133.0"
192.42.116.114 - - [16/Jun/2026:20:16:43 +0200] "POST /xmlrpc.php HTTP/2.0" 200 11787 "-" "Mozilla/5.0 (Windows NT 10.0; Win64; x64; rv:133.0) Gecko/20100101 Firefox/133.0"
193.189.100.206 - - [16/Jun/2026:20:16:44 +0200] "POST /xmlrpc.php HTTP/2.0" 200 11751 "-" "Mozilla/5.0 (Macintosh; Intel Mac OS X 10_15_7) AppleWebKit/605.1.15 (KHTML, like Gecko) Version/18.0 Safari/605.1.15"
181.214.206.42 - - [16/Jun/2026:20:16:44 +0200] "POST /xmlrpc.php HTTP/2.0" 200 11775 "-" "Mozilla/5.0 (Windows NT 10.0; Win64; x64) AppleWebKit/537.36 (KHTML, like Gecko) Chrome/124.0.0.0 Safari/537.36"
192.42.116.64 - - [16/Jun/2026:20:16:44 +0200] "POST /xmlrpc.php HTTP/2.0" 200 11780 "-" "Mozilla/5.0 (Macintosh; Intel Mac OS X 10_15_7) AppleWebKit/605.1.15 (KHTML, like Gecko) Version/18.0 Safari/605.1.15"
192.42.116.19 - - [16/Jun/2026:20:16:48 +0200] "POST /xmlrpc.php HTTP/2.0" 200 11777 "-" "Mozilla/5.0 (Windows NT 10.0; Win64; x64; rv:133.0) Gecko/20100101 Firefox/133.0"
185.220.101.109 - - [16/Jun/2026:20:16:50 +0200] "POST /xmlrpc.php HTTP/2.0" 200 11836 "-" "Mozilla/5.0 (Windows NT 10.0; Win64; x64) AppleWebKit/537.36 (KHTML, like Gecko) Chrome/124.0.0.0 Safari/537.36"
84.233.234.53 - - [16/Jun/2026:20:16:53 +0200] "POST /xmlrpc.php HTTP/2.0" 403 52 "-" "Mozilla/5.0 (Windows NT 10.0; Win64; x64) AppleWebKit/537.36 (KHTML, like Gecko) Chrome/124.0.0.0 Safari/537.36"
5.189.128.39 - - [16/Jun/2026:20:16:53 +0200] "GET /wp-login.php HTTP/2.0" 200 11854 "-" "Mozilla/5.0 (Macintosh; Intel Mac OS X 10_15_7) AppleWebKit/605.1.15 (KHTML, like Gecko) Version/18.0 Safari/605.1.15"
5.189.128.39 - - [16/Jun/2026:20:16:54 +0200] "GET /wp-login.php HTTP/2.0" 200 11852 "-" "Mozilla/5.0 (Macintosh; Intel Mac OS X 10_15_7) AppleWebKit/605.1.15 (KHTML, like Gecko) Version/18.0 Safari/605.1.15"
5.189.128.39 - - [16/Jun/2026:20:16:54 +0200] "GET /wp-login.php HTTP/2.0" 200 11717 "-" "Mozilla/5.0 (Windows NT 10.0; Win64; x64; rv:133.0) Gecko/20100101 Firefox/133.0"
5.189.128.39 - - [16/Jun/2026:20:16:54 +0200] "GET /wp-login.php HTTP/2.0" 200 11799 "-" "Mozilla/5.0 (Windows NT 10.0; Win64; x64) AppleWebKit/537.36 (KHTML, like Gecko) Chrome/124.0.0.0 Safari/537.36"
5.189.128.39 - - [16/Jun/2026:20:16:54 +0200] "GET /wp-login.php HTTP/2.0" 200 11799 "-" "Mozilla/5.0 (Windows NT 10.0; Win64; x64) AppleWebKit/537.36 (KHTML, like Gecko) Chrome/124.0.0.0 Safari/537.36"
172.94.22.6 - - [16/Jun/2026:20:16:56 +0200] "GET /wp-login.php HTTP/2.0" 200 11682 "-" "Mozilla/5.0 (Windows NT 10.0; Win64; x64) AppleWebKit/537.36 (KHTML, like Gecko) Chrome/124.0.0.0 Safari/537.36"
192.42.116.42 - - [16/Jun/2026:20:16:57 +0200] "GET /wp-login.php HTTP/2.0" 200 11788 "-" "Mozilla/5.0 (Windows NT 10.0; Win64; x64) AppleWebKit/537.36 (KHTML, like Gecko) Chrome/124.0.0.0 Safari/537.36"
45.84.107.33 - - [16/Jun/2026:20:16:58 +0200] "GET /wp-login.php HTTP/2.0" 200 11834 "-" "Mozilla/5.0 (Windows NT 10.0; Win64; x64; rv:133.0) Gecko/20100101 Firefox/133.0"
207.180.220.231 - - [16/Jun/2026:20:17:01 +0200] "GET /wp-login.php HTTP/2.0" 200 11822 "-" "Mozilla/5.0 (Windows NT 10.0; Win64; x64) AppleWebKit/537.36 (KHTML, like Gecko) Chrome/124.0.0.0 Safari/537.36"
207.180.220.231 - - [16/Jun/2026:20:17:01 +0200] "POST /xmlrpc.php HTTP/2.0" 200 11837 "-" "Mozilla/5.0 (Macintosh; Intel Mac OS X 10_15_7) AppleWebKit/605.1.15 (KHTML, like Gecko) Version/18.0 Safari/605.1.15"
37.120.205.30 - - [16/Jun/2026:20:17:02 +0200] "POST /xmlrpc.php HTTP/2.0" 403 52 "-" "Mozilla/5.0 (Macintosh; Intel Mac OS X 10_15_7) AppleWebKit/605.1.15 (KHTML, like Gecko) Version/18.0 Safari/605.1.15"
45.66.35.29 - - [16/Jun/2026:20:17:08 +0200] "GET /wp-login.php HTTP/2.0" 200 11691 "-" "Mozilla/5.0 (Windows NT 10.0; Win64; x64; rv:133.0) Gecko/20100101 Firefox/133.0"
65.108.235.243 - - [16/Jun/2026:20:17:12 +0200] "POST /wp-cron.php?doing_wp_cron=1781633832.3377919197082519531250 HTTP/1.1" 200 1 "-" "WordPress/7.0; https://elettroservicegroup.it"
172.94.107.6 - - [16/Jun/2026:20:17:09 +0200] "GET /wp-login.php HTTP/2.0" 200 5159 "-" "Mozilla/5.0 (Windows NT 10.0; Win64; x64) AppleWebKit/537.36 (KHTML, like Gecko) Chrome/124.0.0.0 Safari/537.36"
65.108.235.243 - - [16/Jun/2026:20:17:13 +0200] "POST /wp-json/complianz/v1/wsc-scan HTTP/1.1" 400 88 "-" "WordPress/7.0; https://elettroservicegroup.it"
192.42.116.65 - - [16/Jun/2026:20:17:13 +0200] "POST /xmlrpc.php HTTP/2.0" 200 11807 "-" "Mozilla/5.0 (Macintosh; Intel Mac OS X 10_15_7) AppleWebKit/605.1.15 (KHTML, like Gecko) Version/18.0 Safari/605.1.15"
172.94.107.6 - - [16/Jun/2026:20:17:12 +0200] "POST /wp-login.php HTTP/2.0" 200 5275 "https://elettroservicegroup.it/wp-login.php" "Mozilla/5.0 (Windows NT 10.0; Win64; x64) AppleWebKit/537.36 (KHTML, like Gecko) Chrome/124.0.0.0 Safari/537.36"
169.150.208.36 - - [16/Jun/2026:20:17:14 +0200] "POST /xmlrpc.php HTTP/2.0" 403 52 "-" "Mozilla/5.0 (Macintosh; Intel Mac OS X 10_15_7) AppleWebKit/605.1.15 (KHTML, like Gecko) Version/18.0 Safari/605.1.15"
169.150.208.36 - - [16/Jun/2026:20:17:14 +0200] "GET /wp-login.php HTTP/2.0" 200 5159 "-" "Mozilla/5.0 (Windows NT 10.0; Win64; x64) AppleWebKit/537.36 (KHTML, like Gecko) Chrome/124.0.0.0 Safari/537.36"
192.42.116.99 - - [16/Jun/2026:20:17:14 +0200] "POST /xmlrpc.php HTTP/2.0" 200 11836 "-" "Mozilla/5.0 (Windows NT 10.0; Win64; x64) AppleWebKit/537.36 (KHTML, like Gecko) Chrome/124.0.0.0 Safari/537.36"
191.96.168.60 - - [16/Jun/2026:20:17:15 +0200] "POST /xmlrpc.php HTTP/2.0" 403 52 "-" "Mozilla/5.0 (Windows NT 10.0; Win64; x64; rv:133.0) Gecko/20100101 Firefox/133.0"
169.150.208.36 - - [16/Jun/2026:20:17:14 +0200] "POST /wp-login.php HTTP/2.0" 200 5275 "https://elettroservicegroup.it/wp-login.php" "Mozilla/5.0 (Windows NT 10.0; Win64; x64) AppleWebKit/537.36 (KHTML, like Gecko) Chrome/124.0.0.0 Safari/537.36"
171.25.193.82 - - [16/Jun/2026:20:17:15 +0200] "POST /xmlrpc.php HTTP/2.0" 200 11836 "-" "Mozilla/5.0 (Windows NT 10.0; Win64; x64; rv:133.0) Gecko/20100101 Firefox/133.0"
192.76.153.253 - - [16/Jun/2026:20:17:16 +0200] "GET /wp-login.php HTTP/2.0" 200 11722 "-" "Mozilla/5.0 (Windows NT 10.0; Win64; x64) AppleWebKit/537.36 (KHTML, like Gecko) Chrome/124.0.0.0 Safari/537.36"
45.133.193.136 - - [16/Jun/2026:20:17:17 +0200] "GET /wp-login.php HTTP/2.0" 200 11773 "-" "Mozilla/5.0 (Windows NT 10.0; Win64; x64) AppleWebKit/537.36 (KHTML, like Gecko) Chrome/124.0.0.0 Safari/537.36"
149.102.239.162 - - [16/Jun/2026:20:17:17 +0200] "GET /wp-login.php HTTP/2.0" 200 11848 "-" "Mozilla/5.0 (Windows NT 10.0; Win64; x64; rv:133.0) Gecko/20100101 Firefox/133.0"
172.94.86.11 - - [16/Jun/2026:20:17:18 +0200] "POST /xmlrpc.php HTTP/2.0" 200 11730 "-" "Mozilla/5.0 (Windows NT 10.0; Win64; x64) AppleWebKit/537.36 (KHTML, like Gecko) Chrome/124.0.0.0 Safari/537.36"
185.220.100.253 - - [16/Jun/2026:20:17:18 +0200] "GET /wp-login.php HTTP/2.0" 200 11678 "-" "Mozilla/5.0 (Macintosh; Intel Mac OS X 10_15_7) AppleWebKit/605.1.15 (KHTML, like Gecko) Version/18.0 Safari/605.1.15"
51.210.108.162 - - [16/Jun/2026:20:17:18 +0200] "GET /wp-login.php HTTP/2.0" 200 11772 "-" "Mozilla/5.0 (Windows NT 10.0; Win64; x64) AppleWebKit/537.36 (KHTML, like Gecko) Chrome/124.0.0.0 Safari/537.36"
51.210.104.244 - - [16/Jun/2026:20:17:19 +0200] "GET /wp-login.php HTTP/2.0" 200 11814 "-" "Mozilla/5.0 (Windows NT 10.0; Win64; x64) AppleWebKit/537.36 (KHTML, like Gecko) Chrome/124.0.0.0 Safari/537.36"
192.42.116.143 - - [16/Jun/2026:20:17:19 +0200] "POST /xmlrpc.php HTTP/2.0" 200 11866 "-" "Mozilla/5.0 (Macintosh; Intel Mac OS X 10_15_7) AppleWebKit/605.1.15 (KHTML, like Gecko) Version/18.0 Safari/605.1.15"
185.220.101.6 - - [16/Jun/2026:20:17:19 +0200] "GET /wp-login.php HTTP/2.0" 200 11808 "-" "Mozilla/5.0 (Macintosh; Intel Mac OS X 10_15_7) AppleWebKit/605.1.15 (KHTML, like Gecko) Version/18.0 Safari/605.1.15"
173.244.32.28 - - [16/Jun/2026:20:17:20 +0200] "POST /xmlrpc.php HTTP/2.0" 403 52 "-" "Mozilla/5.0 (Windows NT 10.0; Win64; x64) AppleWebKit/537.36 (KHTML, like Gecko) Chrome/124.0.0.0 Safari/537.36"
207.180.220.231 - - [16/Jun/2026:20:17:20 +0200] "GET /wp-login.php HTTP/2.0" 200 11767 "-" "Mozilla/5.0 (Windows NT 10.0; Win64; x64; rv:133.0) Gecko/20100101 Firefox/133.0"
207.180.220.231 - - [16/Jun/2026:20:17:20 +0200] "GET /wp-login.php HTTP/2.0" 200 11778 "-" "Mozilla/5.0 (Windows NT 10.0; Win64; x64) AppleWebKit/537.36 (KHTML, like Gecko) Chrome/124.0.0.0 Safari/537.36"
207.180.220.231 - - [16/Jun/2026:20:17:20 +0200] "GET /wp-login.php HTTP/2.0" 200 11778 "-" "Mozilla/5.0 (Windows NT 10.0; Win64; x64) AppleWebKit/537.36 (KHTML, like Gecko) Chrome/124.0.0.0 Safari/537.36"
